)/(-4). Let v be 1/(0 + y/2). Let u(i) = -6*i - i**2 + 50 + 4*i - 49 + 2*i. Calculate u(v).
-3
Let j(y) = -7*y**2 - 5*y + 5. Let g(v) = -6*v**2 - 4*v + 4. Let h(d) = 6*g(d) - 5*j(d). What is h(0)?
-1
Let h(j) = j. Let f(n) = 3*n**2 + 8*n - 4. Let b(g) = -4*g - 4 + 3*g + 5 - g**2. Let v(k) = 4*b(k) + f(k). Let l be v(4). Give h(l).
0
Suppose -3*p + 5*b = -40, p + 5*b - 6 = 3*b. Let j = p + -4. Let g(v) = -v**3 + 5*v**2 + 6*v - 1. Determine g(j).
-1
Let c(o) be the first derivative of o**3/3 - 7*o**2/2 + 6*o - 3. Give c(4).
-6
Let l(y) = -y**3 - 8*y**2 + 9*y + 5. Let t be l(-9). Let r(x) = 0 - 3 + t + 3*x - x. Give r(-2).
-2
Let z(u) = -9*u**3 + u**2 - 1. Let c be z(-1). Let r = -13 + c. Let n(x) = -x - 1. Give n(r).
3
Suppose 0 = n - 3*n + 10. Let j(u) = -u**3 + 5*u**2 - u + 7. Let l be j(n). Let b(x) = x + 2. Determine b(l).
4
Let l be (2 - -2 - -2)/(-1). Let n(u) = -903*u + 896*u - 7 - 5*u**2 + 4*u**2. Give n(l).
-1
Let x(s) = -s**2 + 7*s - 5. Let c be x(5). Let f(t) = -6*t - 16. Let q(k) = -k - 3. Let l(n) = 4*f(n) - 22*q(n). Calculate l(c).
-8
Let v(l) = 196*l**2 + 2 - 1 + l - 197*l**2. Calculate v(-3).
-11
Let m(h) = -2*h**2 - 2*h + 1. Suppose 5*u - 5*a + 2*a = -22, 0 = -2*u - 4*a + 12. Calculate m(u).
-3
Let i(o) = o**3 + 5*o**2 + 5*o + 6. Let r(k) be the first derivative of -k**2 + 3*k + 2. Let h be r(-6). Let x be h/(-4) + 1/(-4). What is i(x)?
2
Let d(f) = -22*f + 2 + 7*f**2 - 3 + 22*f. Give d(-1).
6
Let f(o) = -o**3 - o**2 - o + 4. Let x be f(0). Let y(s) = -6*s**2 + 4*s + 8. Let t(d) = 14*d**2 - 8*d - 18. Let i(q) = 2*t(q) + 5*y(q). Give i(x).
-12
Let y(d) = -6*d**2 - 4*d - 2. Let x(v) = 5*v**2 + 3*v + 2. Let w(k) = -5*x(k) - 4*y(k). Calculate w(2).
-4
Suppose x - 2*j + 1 = 6*x, 0 = 5*x - 2*j + 11. Let h(r) be the first derivative of -r**4/4 - r**3 - r**2 - r + 1. Give h(x).
-1
Let v(u) be the second derivative of -u**4/12 + u**3/3 - 2*u**2 - 9*u. Determine v(3).
-7
Let m(b) = -b**3 - 6*b**2 + 6*b - 9. Let u = -3 + -4. Determine m(u).
-2
Let l(d) = -8*d - 4 + 3 + 2*d + 2. What is l(-2)?
13
Let r(p) = 3*p + 1. Let k(l) = l + 1. Let o(f) = -f**3 - 7*f**2 - f - 6. Let t be o(-7). Let u(q) = t*r(q) - 4*k(q). Determine u(-2).
-1
Let s(d) = 25*d - 1. Let l be (-4)/((-9)/(18/8)). Calculate s(l).
24
Let z(i) be the first derivative of -i**4/4 - 4*i**3/3 + 3*i**2 - i + 1. What is z(-5)?
-6
Let t = 66 - 64. Let h(p) = -10*p + 3. Give h(t).
-17
Let z(q) = -2*q**2 - q. Suppose -a - 21 = -5*t, 15 = -5*a + 2*t + 2. Let x = 10 + -9. Let s be 0 + 0 + (a - x). Calculate z(s).
-6
Let f = 5 - 9. Let v = 8 - 6. Let o(j) = 2*j - v + 5 - j. Calculate o(f).
-1
Let n be (-3)/(-2) - 6/(-12). Let x(z) = 7 + n - 3*z + z. Calculate x(7).
-5
Let b(n) = 6*n**2 + 14*n. Let m(a) = 5*a**2 + 13*a + 1. Let s(l) = -4*b(l) + 5*m(l). Suppose 0 = -7*p - 83 + 41. Calculate s(p).
-13
Let n(t) = -t + 6. Let a be n(9). Let u(y) be the first derivative of -y**3/3 - y**2/2 - 4*y - 16. Determine u(a).
-10
Let r(b) = b + 3*b**2 - 4*b**2 - 5*b**2 + b**3. Determine r(6).
6
Let o(z) = z**3 - 2*z - 2. Let i(b) = -b**3 + b + 1. Let k(q) = -2*i(q) - o(q). What is k(0)?
0
Let c(r) = r**2 - 4*r - 17. Let o be c(6). Let v(s) = s. Give v(o).
-5
Let d(t) = -t. Let v(j) = j**2 + 5*j + 8. Let u(f) = -4*d(f) + v(f). Determine u(-7).
-6
Suppose m - 6 = -2*f - 2, 0 = 5*m + 2*f - 12. Let g(q) = 3*q**2 + 2*q - 1. Give g(m).
15
Let n(b) = b. Let o(p) = -2. Let u(f) = -3*n(f) - o(f). Let z(t) = -t**2 - 6*t - 2. Let g be z(-6). Determine u(g).
8
Let d(a) be the second derivative of a**5/20 - 8*a. Calculate d(-1).
-1
Let h(i) = -i**3 - 9*i**2 + 9*i - 13. Let x be h(-10). Let p(l) = 3*l + 2. Calculate p(x).
-7
Suppose -3*x = -1 - 5. Let g(a) = 3*a + 0 - 2 + 2*a**x + 4. Suppose -8*q = -5*m - 3*q - 10, 2*m = q - 4. Calculate g(m).
4
Let s(q) = 2*q + 8. Let f be (24/4)/(-3) + -4. What is s(f)?
-4
Let a(n) = 17*n. Let p be (2/3 - 1)*(3 - 6). Determine a(p).
17
Let q(i) = 38 + i**2 + i**2 - 38 - 8*i**3 - i. Determine q(1).
-7
Let f(a) = -4*a. Let s = -42 - -44. Give f(s).
-8
Suppose 2*m - 4*a = -4 - 12, 4*a = -5*m + 2. Let d(g) = 3*g - 11. Let x be d(9). Let z(p) = p + x*p**2 - 1 + p - 15*p**2. What is z(m)?
-1
Let s(r) = -r**3 - r - 1. Let d(f) = -4*f**3 - 2*f**2 - 4*f - 3. Let h(a) = d(a) - 5*s(a). Give h(3).
14
Let j(z) = z**2 + 4*z + 6. Let u(g) = g**2 + 3*g + 3. Let m be u(-3). Let d(r) = -r**3 + 4*r**2 - 5*r + 2. Let w be d(m). Calculate j(w).
6
Let c(y) = y + 7. Let s = -2 - -4. Suppose -s*o = -3*o. Suppose o = -j - j - 4*q, 0 = q. What is c(j)?
7
Let v(a) be the first derivative of 1 + 3*a + 3*a**2 + 1 - 5*a**2. Let z(d) = 2*d - 24. Let p be z(13). Give v(p).
-5
Suppose 0 = -5*p + 2*q + 9, 4*p + 5*q - 18 = 3*q. Let l(m) = -p*m + 3*m**2 - 2*m**2 - 2 - 1. Suppose -o + 2 + 1 = 0. Determine l(o).
-3
Let c = 7 + -4. Suppose 10 + 5 = -c*a. Let h(r) = -r**3 - 4*r**2 + 7*r + 3. What is h(a)?
-7
Suppose -2*r - 3*n - 2 = 2*n, 3*r + 3 = -n. Let b = -1 - r. Let x(z) = -z**2 - 5. Determine x(b).
-5
Let t(d) = 0 - d + 3 - 1 - 5. What is t(-6)?
3
Let d(x) = 1 - 3*x**2 + 4*x**2 + 8*x - x + 3. What is d(-7)?
4
Let g(l) = l - 4. Let f be g(0). Let r(y) = -2*y**3 + 2*y**2 + 6*y - 5. Let z(x) = -7*x**3 + 5*x**2 + 17*x - 14. Let t(q) = f*z(q) + 11*r(q). Give t(1).
7
Suppose 2*a - 7*a = 0. Suppose a = j - 0*j - 15. Suppose -3*o + 3*r = 12, 0*o + 5*r = -2*o - j. Let m(t) = t**2 + 6*t + 5. What is m(o)?
0
Suppose 13*v = 28 + 37. Let u(y) = y - 3. Give u(v).
2
Let t be -9*(-8)/60*20/6. Let a(y) = y**2 - y. Calculate a(t).
12
Let w(f) = -f. Let q(k) = 5*k + 1. Let d(z) = -2*q(z) - 9*w(z). What is d(-7)?
5
Let q(o) = -3*o**3 + 4*o**3 + 10*o - 14*o**2 + 3 - 8*o + 11*o. Calculate q(13).
3
Let k(x) = -x**2 - 10*x - 18. Let p be k(-7). Let v(t) = -4*t + 3. Determine v(p).
-9
Let m(l) = 2*l. Let j = -5 + 2. Let h = -6 - j. Let k(v) = -v. Let i be k(h). What is m(i)?
6
Let i(n) = 2*n - 9. Let j be ((-38)/14 - -3) + (-75)/(-7). What is i(j)?
13
Let r(i) be the second derivative of -i**5/20 - i**4/4 + i**3/2 - 2*i. Suppose -4*z - 3*d - 10 = 6, -3*z + d - 12 = 0. Determine r(z).
4
Let w(i) = -i**2 + i. Let u(k) = k**3 - 7*k**2 - k + 10. Let q be u(7). Let n = 0 + q. Let d = -5 + n. Give w(d).
-6
Let t be 1 + -7 - 3/(-3). Let p = t + 6. Let v(r) = -1 - r - r - p. Give v(4).
-10
Suppose n + 5*q + 2 = 0, q + 0*q + 4 = n. Let y(f) = 16*f - 5*f**3 + 16*f**3 - 1 - 17*f - 12*f**3 + 4*f**2. Determine y(n).
5
Let b(l) = l**3 + 6*l**2 + 6*l - 1. Let c(v) = -v + 1. Let j be c(6). Give b(j).
-6
Let l be 115/(-20) + (-3)/36*3. Let i(x) = 10*x + 3*x**2 + 6 - 2*x - 2*x**2. Give i(l).
-6
Let n(q) = q**2 - 3. Let k be 11/(-77) + 2/14. Calculate n(k).
-3
Suppose 2*i + 1 = 5. Let x(s) = -s**2 - 3*s + 1 + 2*s**2 - 2*s**i. Give x(-5).
-9
Let x(p) = -5*p + 1. Let h(t) = -14*t + 3. Let c(z) = 6*h(z) - 17*x(z). Let y(m) = -m. Let w be y(-5). Suppose w*k + 2 = -8. Calculate c(k).
-1
Let m(l) = -l**3 + 6*l**2 - 6*l - 1. Let q be (-16)/(-5) - 2/10. Suppose q*s - 7 = -f, -f = -s - 8 + 1. Suppose -2*y - 13 = -n, -f = 2*y + 1. What is m(n)?
-6
Let u(c) = c**3 + 4*c**2 - 4*c - 4. Suppose 3*o = h + 44, 3*o - 29 = o + h. Let x = o + -20. Determine u(x).
-9
Suppose 2*r = -r + 6, 5*p - 2*r = 16. Let q(u) = 0*u + u + 0 + 1. Let x(c) = -4*c - 7. Let h(m) = 5*q(m) + x(m). Determine h(p).
2
Let g(o) = 11*o**3 + 6*o**2 + 13*o + 2. Let x(z) = 6*z**3 + 3*z**2 + 7*z + 1. Let b be (-3)/(-9)*3 + -8. Let l(r) = b*x(r) + 4*g(r). Determine l(-2).
-9
Let z(x) = -x**3 + x - 4. Let r(a) = -3*a - 39. Let g be r(-12). Calculate z(g).
20
Let i(y) = y**2 + 9*y + 8. Let l = -4 + -2. Calculate i(l).
-10
Let l(y) be the first derivative of 3*y**2 + 2*y + 22. What is l(2)?
14
Let l(m) = -m**2 - m + 4. Suppose 4*b - 3 - 17 = 0, -2*b + 10 = -4*j. Give l(j).
4
Let j(w) be the first derivative of 1/60*w**5 + 0*w**2 + 1 + 0*w - 1/12*w**4 + 1/3*w**3. Let t(y) be the third derivative of j(y). Determine t(5).
8
Let x(i) = -3*i. Let w = -11 - -14. Suppose -4*u + 4*b - b = -2, 3*u = -w*b - 9. What is x(u)?
3
Suppose 19*g - 21*g + 4 = 0. Let u(i) = 2*i**2 - 2. Determine u(g).
6
Suppose -3*w + 10 = -3*m - 8, 2*w - 11 = 3*m. Suppose 0 = 2*l - w*l + 15. Let b(r) = -l*r + r**3 - 6 + 3*r**2 - 4*r**2 + 5*r**2. Give b(-4).
6
Let p(b) = 2*b - 8. Let l(c) = c - 3. Let q(w) = -11*l(w) + 4*p(w). Let r be 0/(-